{"id":2970,"date":"2025-11-08T21:44:30","date_gmt":"2025-11-08T20:44:30","guid":{"rendered":"https:\/\/www.kampfumanurin.de\/shop\/?post_type=product&#038;p=2970"},"modified":"2025-11-10T14:36:22","modified_gmt":"2025-11-10T13:36:22","slug":"buchkerze-kampf-um-anurin","status":"publish","type":"product","link":"https:\/\/www.kampfumanurin.de\/shop\/produkt\/buchkerze-kampf-um-anurin\/","title":{"rendered":"Buchkerze &#8222;Kampf um Anurin&#8220;"},"content":{"rendered":"<p><b>Licht aus der Geschichte.<\/b><\/p>\n<p><b><\/b>Die Buchkerze <i>\u201eKampf um Anurin\u201c<\/i> ist handgegossen in einer kleinen Manufaktur in Deutschland. <span class=\"s1\">Sie besteht aus <\/span><b>100 % Bio-Rapswachs<\/b><span class=\"s1\"> und ist mit <\/span><b>reinen \u00e4therischen \u00d6len<\/b><span class=\"s1\"> veredelt. <\/span>Das Motiv-Label zeigt das Design der <i>Anurin<\/i>-Reihe.<\/p>\n<p>Wachsfarben k\u00f6nnen abweichen.<\/p>\n","protected":false},"excerpt":{"rendered":"<p>Handgegossene Kerze aus 100 % Bio-Rapswachs mit \u00e4therischen \u00d6len.<\/p>\n<p>Motiv-Label <i>\u201eKampf um Anurin\u201c<\/i> \u2013 ein stilles Licht f\u00fcr lange Winterabende.<\/p>\n<ul>\n<li>Gewicht 75 g<\/li>\n<li>Brenndauer ca. 15 Stunden<\/li>\n<li>Duft sanft, naturrein<\/li>\n<li>100 % Bio-Rapswachs, \u00e4therische \u00d6le<\/li>\n<li>Handgegossen in Deutschland<\/li>\n<\/ul>\n","protected":false},"featured_media":2974,"template":"","meta":[],"product_brand":[],"product_cat":[164,169],"product_tag":[],"class_list":{"0":"post-2970","1":"product","2":"type-product","3":"status-publish","4":"has-post-thumbnail","6":"product_cat-kampf-um-anurin-reihe","7":"product_cat-papier-licht-und-kostbarkeiten","8":"product_shipping_class-standard","10":"first","11":"instock","12":"shipping-taxable","13":"purchasable","14":"product-type-variable"},"jetpack-related-posts":[{"id":3038,"url":"https:\/\/www.kampfumanurin.de\/shop\/produkt\/bundle-magische-winterabende\/","url_meta":{"origin":2970,"position":0},"title":"Bundle \u201eMagische Winterabende\u201c","author":"antje-niendorf","date":"9. November 2025","format":false,"excerpt":"Ein literarisches Bundle f\u00fcr lange Winterabende: Roman aus Kampf um Anurin, handgegossene Kerze, A4-Karte von Anurin & Postkarte. In sehr schicker Geschenkverpackung mit Anurin-Anh\u00e4nger und Schleife. 1 Roman nach Wahl (Arden, Nimra Lod oder Galdra) Handgegossene Buchkerze aus 100 % Bio-Rapswachs, mit \u00e4therischen \u00d6len Postkarte \u201eGr\u00fc\u00dfe aus der Stadt der\u2026","rel":"","context":"\u00c4hnlicher Beitrag","block_context":{"text":"\u00c4hnlicher Beitrag","link":""},"img":{"alt_text":"","src":"https:\/\/i0.wp.com\/www.kampfumanurin.de\/shop\/wp-content\/uploads\/2025\/11\/Winterbundle-scaled.jpg?fit=1200%2C900&ssl=1&resize=350%2C200","width":350,"height":200,"srcset":"https:\/\/i0.wp.com\/www.kampfumanurin.de\/shop\/wp-content\/uploads\/2025\/11\/Winterbundle-scaled.jpg?fit=1200%2C900&ssl=1&resize=350%2C200 1x, https:\/\/i0.wp.com\/www.kampfumanurin.de\/shop\/wp-content\/uploads\/2025\/11\/Winterbundle-scaled.jpg?fit=1200%2C900&ssl=1&resize=525%2C300 1.5x, https:\/\/i0.wp.com\/www.kampfumanurin.de\/shop\/wp-content\/uploads\/2025\/11\/Winterbundle-scaled.jpg?fit=1200%2C900&ssl=1&resize=700%2C400 2x, https:\/\/i0.wp.com\/www.kampfumanurin.de\/shop\/wp-content\/uploads\/2025\/11\/Winterbundle-scaled.jpg?fit=1200%2C900&ssl=1&resize=1050%2C600 3x"},"classes":[]},{"id":991,"url":"https:\/\/www.kampfumanurin.de\/shop\/produkt\/kampf-um-anurin-1-arden\/","url_meta":{"origin":2970,"position":1},"title":"Kampf um Anurin 1 \u2013 Arden","author":"antje-niendorf","date":"14. M\u00e4rz 2022","format":false,"excerpt":"Der Auftakt einer epischen Fantasy-Saga \u00fcber Macht, Magie und den Preis der Freiheit. Informationen und Leseprobe Einband: Hardcover Seitenanzahl: 450 Seiten Gr\u00f6\u00dfe (BxHxT): 15.2 x 22.4 x 3.7 cm empfohlen ab: 14 Jahre Hrsg. Antje Niendorf (Nova MD) Erscheinungstermin: 27.10.2021 ISBN: 978-3-969667-83-5","rel":"","context":"\u00c4hnlicher Beitrag","block_context":{"text":"\u00c4hnlicher Beitrag","link":""},"img":{"alt_text":"","src":"https:\/\/i0.wp.com\/www.kampfumanurin.de\/shop\/wp-content\/uploads\/2025\/10\/Arden.png?fit=800%2C600&ssl=1&resize=350%2C200","width":350,"height":200,"srcset":"https:\/\/i0.wp.com\/www.kampfumanurin.de\/shop\/wp-content\/uploads\/2025\/10\/Arden.png?fit=800%2C600&ssl=1&resize=350%2C200 1x, https:\/\/i0.wp.com\/www.kampfumanurin.de\/shop\/wp-content\/uploads\/2025\/10\/Arden.png?fit=800%2C600&ssl=1&resize=525%2C300 1.5x, https:\/\/i0.wp.com\/www.kampfumanurin.de\/shop\/wp-content\/uploads\/2025\/10\/Arden.png?fit=800%2C600&ssl=1&resize=700%2C400 2x"},"classes":[]},{"id":2330,"url":"https:\/\/www.kampfumanurin.de\/shop\/produkt\/kampf-um-anurin-band-3-galdra\/","url_meta":{"origin":2970,"position":2},"title":"Kampf um Anurin 3 \u2013 Galdra","author":"antje-niendorf","date":"28. Mai 2025","format":false,"excerpt":"Der dritte Teil der Saga \u2013 der Sturm erreicht das Herz von Anurin. Informationen und Leseprobe Einband: Hardcover Seitenanzahl: 476 Seiten Gr\u00f6\u00dfe (BxHxT): 15.2 x 22.4 x 3.7 cm empfohlen ab: 14 Jahren Erscheinungstermin: 13. Juni 2025 ISBN: 978-3-00-082967-3","rel":"","context":"\u00c4hnlicher Beitrag","block_context":{"text":"\u00c4hnlicher Beitrag","link":""},"img":{"alt_text":"","src":"https:\/\/i0.wp.com\/www.kampfumanurin.de\/shop\/wp-content\/uploads\/2025\/10\/Galdra.png?fit=800%2C600&ssl=1&resize=350%2C200","width":350,"height":200,"srcset":"https:\/\/i0.wp.com\/www.kampfumanurin.de\/shop\/wp-content\/uploads\/2025\/10\/Galdra.png?fit=800%2C600&ssl=1&resize=350%2C200 1x, https:\/\/i0.wp.com\/www.kampfumanurin.de\/shop\/wp-content\/uploads\/2025\/10\/Galdra.png?fit=800%2C600&ssl=1&resize=525%2C300 1.5x, https:\/\/i0.wp.com\/www.kampfumanurin.de\/shop\/wp-content\/uploads\/2025\/10\/Galdra.png?fit=800%2C600&ssl=1&resize=700%2C400 2x"},"classes":[]},{"id":2999,"url":"https:\/\/www.kampfumanurin.de\/shop\/produkt\/t-shirt-kampf-um-anurin\/","url_meta":{"origin":2970,"position":3},"title":"T-Shirt Kampf um Anurin","author":"antje-niendorf","date":"9. November 2025","format":false,"excerpt":"Schlicht, klar, best\u00e4ndig \u2013 ein St\u00fcck der Welt von Anurin zum Anziehen. 100 % Baumwolle, Navy, beidseitiger Siebdruck in Wei\u00df. Farbe: Navy Material: 100 % Baumwolle Druck: Wei\u00df (Siebdruck \/ Direktdruck bei Kindergr\u00f6\u00dfen) Gr\u00f6\u00dfen Damen: XS \u2013 XL (tailliert) Gr\u00f6\u00dfen Herren: S \u2013 4XL (klassischer Schnitt) Gr\u00f6\u00dfen Kinder: 140 \/\u2026","rel":"","context":"\u00c4hnlicher Beitrag","block_context":{"text":"\u00c4hnlicher Beitrag","link":""},"img":{"alt_text":"","src":"https:\/\/i0.wp.com\/www.kampfumanurin.de\/shop\/wp-content\/uploads\/2025\/11\/T-Shirt-4.jpg?fit=1200%2C900&ssl=1&resize=350%2C200","width":350,"height":200,"srcset":"https:\/\/i0.wp.com\/www.kampfumanurin.de\/shop\/wp-content\/uploads\/2025\/11\/T-Shirt-4.jpg?fit=1200%2C900&ssl=1&resize=350%2C200 1x, https:\/\/i0.wp.com\/www.kampfumanurin.de\/shop\/wp-content\/uploads\/2025\/11\/T-Shirt-4.jpg?fit=1200%2C900&ssl=1&resize=525%2C300 1.5x, https:\/\/i0.wp.com\/www.kampfumanurin.de\/shop\/wp-content\/uploads\/2025\/11\/T-Shirt-4.jpg?fit=1200%2C900&ssl=1&resize=700%2C400 2x, https:\/\/i0.wp.com\/www.kampfumanurin.de\/shop\/wp-content\/uploads\/2025\/11\/T-Shirt-4.jpg?fit=1200%2C900&ssl=1&resize=1050%2C600 3x"},"classes":[]},{"id":2860,"url":"https:\/\/www.kampfumanurin.de\/shop\/produkt\/karte-von-anurin-geschenk-der-winteredition-2025-26\/","url_meta":{"origin":2970,"position":4},"title":"Karte von Anurin \u2013 Geschenk der Winteredition 2025\/26","author":"antje-niendorf","date":"2. November 2025","format":false,"excerpt":"Gratis A4-Karte von Anurin auf Naturpapier (150 g\/qm) \u2013 f\u00fcr den Kauf eines Buches aus der Reihe Kampf um Anurin im Dezember. Limitierte Winteredition 2025\/26 \u00b7 solange Vorrat reicht.","rel":"","context":"\u00c4hnlicher Beitrag","block_context":{"text":"\u00c4hnlicher Beitrag","link":""},"img":{"alt_text":"","src":"https:\/\/i0.wp.com\/www.kampfumanurin.de\/shop\/wp-content\/uploads\/2025\/11\/PBA4-Karte-Anurin-2025-scaled.png?fit=1200%2C900&ssl=1&resize=350%2C200","width":350,"height":200,"srcset":"https:\/\/i0.wp.com\/www.kampfumanurin.de\/shop\/wp-content\/uploads\/2025\/11\/PBA4-Karte-Anurin-2025-scaled.png?fit=1200%2C900&ssl=1&resize=350%2C200 1x, https:\/\/i0.wp.com\/www.kampfumanurin.de\/shop\/wp-content\/uploads\/2025\/11\/PBA4-Karte-Anurin-2025-scaled.png?fit=1200%2C900&ssl=1&resize=525%2C300 1.5x, https:\/\/i0.wp.com\/www.kampfumanurin.de\/shop\/wp-content\/uploads\/2025\/11\/PBA4-Karte-Anurin-2025-scaled.png?fit=1200%2C900&ssl=1&resize=700%2C400 2x, https:\/\/i0.wp.com\/www.kampfumanurin.de\/shop\/wp-content\/uploads\/2025\/11\/PBA4-Karte-Anurin-2025-scaled.png?fit=1200%2C900&ssl=1&resize=1050%2C600 3x"},"classes":[]},{"id":1511,"url":"https:\/\/www.kampfumanurin.de\/shop\/produkt\/kampf-um-anurin-band-2-nimralod\/","url_meta":{"origin":2970,"position":5},"title":"Kampf um Anurin 2 \u2013 Nimra Lod","author":"antje-niendorf","date":"14. April 2023","format":false,"excerpt":"Der zweite Teil der gefeierten Fantasy-Saga \u2013 dunkler, tiefer, unvergesslich. Informationen und Leseprobe Einband: Hardcover Seitenanzahl: 480 Seiten Gr\u00f6\u00dfe (BxHxT): 15.2 x 22.4 x 3.7 cm empfohlen ab: 14 Jahre Hrsg. Antje Niendorf (Nova MD) Erscheinungstermin: 8.5.2023 ISBN: 978-3-98595-906-8","rel":"","context":"\u00c4hnlicher Beitrag","block_context":{"text":"\u00c4hnlicher Beitrag","link":""},"img":{"alt_text":"","src":"https:\/\/i0.wp.com\/www.kampfumanurin.de\/shop\/wp-content\/uploads\/2025\/10\/NimraLod.png?fit=800%2C600&ssl=1&resize=350%2C200","width":350,"height":200,"srcset":"https:\/\/i0.wp.com\/www.kampfumanurin.de\/shop\/wp-content\/uploads\/2025\/10\/NimraLod.png?fit=800%2C600&ssl=1&resize=350%2C200 1x, https:\/\/i0.wp.com\/www.kampfumanurin.de\/shop\/wp-content\/uploads\/2025\/10\/NimraLod.png?fit=800%2C600&ssl=1&resize=525%2C300 1.5x, https:\/\/i0.wp.com\/www.kampfumanurin.de\/shop\/wp-content\/uploads\/2025\/10\/NimraLod.png?fit=800%2C600&ssl=1&resize=700%2C400 2x"},"classes":[]}],"jetpack_sharing_enabled":true,"_links":{"self":[{"href":"https:\/\/www.kampfumanurin.de\/shop\/wp-json\/wp\/v2\/product\/2970","targetHints":{"allow":["GET"]}}],"collection":[{"href":"https:\/\/www.kampfumanurin.de\/shop\/wp-json\/wp\/v2\/product"}],"about":[{"href":"https:\/\/www.kampfumanurin.de\/shop\/wp-json\/wp\/v2\/types\/product"}],"wp:featuredmedia":[{"embeddable":true,"href":"https:\/\/www.kampfumanurin.de\/shop\/wp-json\/wp\/v2\/media\/2974"}],"wp:attachment":[{"href":"https:\/\/www.kampfumanurin.de\/shop\/wp-json\/wp\/v2\/media?parent=2970"}],"wp:term":[{"taxonomy":"product_brand","embeddable":true,"href":"https:\/\/www.kampfumanurin.de\/shop\/wp-json\/wp\/v2\/product_brand?post=2970"},{"taxonomy":"product_cat","embeddable":true,"href":"https:\/\/www.kampfumanurin.de\/shop\/wp-json\/wp\/v2\/product_cat?post=2970"},{"taxonomy":"product_tag","embeddable":true,"href":"https:\/\/www.kampfumanurin.de\/shop\/wp-json\/wp\/v2\/product_tag?post=2970"}],"curies":[{"name":"wp","href":"https:\/\/api.w.org\/{rel}","templated":true}]}}